, 4*v - s - 39 = -0*s. Suppose -4*b = -v*b. Suppose b*o = -2*o + 20. What is the remainder when 27 is divided by o?
7
Suppose 0 = -5*p + 48 - 33. What is the remainder when 12 is divided by p?
0
Suppose 54 = 11*k - 8*k. Suppose 0 = -c + 64 - k. Suppose 17 = 2*o + 3*i, 2*o - 22 = -0*o - 2*i. Calculate the remainder when c is divided by o.
14
Suppose -z + 5*i = -23, 2*z = 5*z + 2*i + 16. Let s(h) = -h**2 + 2*h - 1. Let n be s(z). Let p = 5 - n. What is the remainder when 26 is divided by p?
12
Let p(n) = -34*n + 1 + 14*n**2 + 16*n + 20*n. Let a be (-2)/2*(-2)/(-2). What is the remainder when p(a) is divided by 5?
3
Calculate the remainder when 64 is divided by (-4 - 1*-8) + 7.
9
What is the remainder when 52 is divided by (-144)/(-10) + (-8)/20?
10
Suppose 0 = -5*s + 10, 5*s = 2*p - 17 - 3. Suppose 12 = 3*f - p. What is the remainder when (12/10)/(1/20) is divided by f?
6
Let i(d) = 0*d + d + 3 + 7. What is the remainder when 61/1 + 0 + 0 is divided by i(11)?
19
Let l(x) = -10*x + 3. Let o be l(-3). Suppose 3*z = 4*y + o, -z - y - 3*y = -11. Let u = 8 + -1. Calculate the remainder when z is divided by u.
4
Suppose s = 3*s + 68. Let k(p) = p**3 + 2*p**2 - 3*p - 1. Let a be k(-4). Let g = a - s. Calculate the remainder when 25 is divided by g.
12
What is the remainder when 2/14 + (2 - 942/(-21)) is divided by 10?
7
Let z(y) = 30*y - 3. Calculate the remainder when z(2) is divided by 15.
12
What is the remainder when (13 - 11)/(8/7 - 1) is divided by 33/4 + 2/(-8)?
6
Let r = 2 + 20. Let k = r + -10. Suppose 0 = 4*x - 2*g - 29 - 103, -g - 32 = -x. What is the remainder when x is divided by k?
10
Let i(b) = -2*b**3 - 4*b**2 + 6*b + 3. What is the remainder when i(-5) is divided by 31?
30
Let t(x) = -41*x - 19*x + 7*x - 1. Let z be t(-1). Suppose 2*m - 4*m + z = 0. What is the remainder when 50 is divided by m?
24
Let a(l) = -l**3 - 4*l**2 + 4*l + 7. Let g be a(-5). Let j = g - 4. What is the remainder when 22 is divided by j?
6
Let t(q) = -q**2 + 8*q - 1. Calculate the remainder when t(6) is divided by 459/63 - 4/14.
4
Let d(n) = -n + 10. Let t be (-1)/2 - 42/(-4). Let y(m) = -m**2 + 10*m. Let k be y(t). What is the remainder when 18 is divided by d(k)?
8
Let i(z) = -z**3 - 6*z**2 + 4*z - 8. Calculate the remainder when i(-7) is divided by (2 - 0)/((-4)/(-14)).
6
Let d = 17 - 9. Suppose 3*g - 7*g = -100. What is the remainder when g*1 - (4 - 2) is divided by d?
7
Let h(i) = 4*i - 6. Suppose 5*k + v - 27 = 0, -5*k + 11 = 5*v - 24. Calculate the remainder when h(k) is divided by 5.
4
Let v = 14 - 1. Let o be 32/(-4)*27/(-12). What is the remainder when (-4)/(-6) - (-672)/o is divided by v?
12
Let b = -1 + 4. Let z(p) = 2*p**2 - 4*p + 3. Let t be z(2). Suppose t*r - 35 = -b*x - 2*r, r - 1 = 0. What is the remainder when 28 is divided by x?
8
Let f = 2 - 0. Let y be 3/f*6/3. Suppose y = -z + 12. What is the remainder when 26 is divided by z?
8
Let p = -2 - -4. Suppose -3*k + q = 17, q - p*q = 5*k + 15. What is the remainder when 65 is divided by 1*-55*k/10?
21
Suppose -2*g = -4*b + 45 + 21, -b = 2*g - 4. What is the remainder when 40 is divided by b?
12
Suppose -3 = -4*g + 3*g, 62 = 4*a - 2*g. Calculate the remainder when a is divided by 10.
7
Let j be 10/(-2)*12/10. Let v(n) = -n**3 - 38*n + 1 + 16*n + 0*n**3 + 20*n - 6*n**2. Calculate the remainder when v(j) is divided by 5.
3
Let k = 125 - 67. Let r be 1 + 0 + -4 + 63. Suppose 2*p + r = 5*p. What is the remainder when k is divided by p?
18
Let i = 23 - -2. What is the remainder when i is divided by 7?
4
Let z be ((-1)/1)/(10/150). Calculate the remainder when 31 is divided by (48/z + 0)*-5.
15
Suppose 8 = -p + 74. Calculate the remainder when p is divided by 35.
31
Let w be 1/((-2)/(-4)) + 0. Suppose -w*x + 4 = -x. Suppose -x*a + 2 = -26. What is the remainder when 20 is divided by a?
6
Let i(y) = -5 - 1 + 5 + y + 2*y**2. Let j be 1 - 2/(-3)*-6. Calculate the remainder when 26 is divided by i(j).
12
Suppose -2*s = -k - 42, -k - 5*s = 4*k + 195. Calculate the remainder when -4 + 5 + k/(-1) is divided by 14.
13
Calculate the remainder when (-3)/7 - (-5 + 1345/(-35)) is divided by 25.
18
Let i = 82 + -49. Let c(n) = -n**3 + 12*n**2 - 10*n + 9. Let j be c(11). Let l = i - j. What is the remainder when 24 is divided by l?
11
Suppose 4*n + 5*p + 0*p - 29 = 0, -3*n - 5*p = -28. Calculate the remainder when 2 is divided by n.
0
Suppose -10 = -4*z + 10. Suppose -3 = -4*f + 5. What is the remainder when ((-54)/15)/(f/(-5)) is divided by z?
4
Let j(b) = -2*b + 2. What is the remainder when 34 is divided by j(-2)?
4
Suppose -40 = 5*h - 160. Calculate the remainder when (h/(-36))/((-2)/33) is divided by 3.
2
Suppose -v = p - 8, -3*p + 16 = v - 0*p. What is the remainder when 128/(16/2) - -2 is divided by ((-4)/6)/(v/(-30))?
3
Let c = 31 - 16. Suppose c = l - 0. Let d = 4 + l. What is the remainder when 36 is divided by d?
17
Let j = 203 - 110. Let w(h) = h**3 + 6*h**2 + h + 4. What is the remainder when j is divided by w(-5)?
21
Let n(p) = -54*p + 1. Let l be 3*(8/(-6))/4. Calculate the remainder when n(l) is divided by (-38)/(-2)*(-1)/(-1).
17
Let w = 0 - -3. Suppose -3*y - 107 = -5*l, -w*l + 2*y - 25 = -90. Calculate the remainder when l is divided by 7.
5
Let b = 7 + -3. Let c be ((-8)/3)/(b/(-6)). Suppose v = -c*v + 50. Calculate the remainder when 28 is divided by v.
8
Suppose 5*h + 695 = 60. Let l = -54 - h. Suppose -4*c + l + 62 = 5*m, -3*c = -m - 106. What is the remainder when c is divided by 12?
11
Let p = 63 + -33. Calculate the remainder when 56 is divided by p.
26
Suppose 317 = 13*o - 398. Calculate the remainder when o is divided by 14.
13
Suppose 3*d = -d + 28. Suppose 2*y + 21 = 5*j, 2*y + 3*j = 4*y + 11. Calculate the remainder when ((-1)/y)/1*-52 is divided by d.
5
Let a = 45 + -28. Suppose k + 64 = 3*k. What is the remainder when k is divided by a?
15
Let b = -101 + 224. Calculate the remainder when b is divided by 21.
18
Suppose -43 = 5*p - 173. What is the remainder when p is divided by 7?
5
Let s(i) = i**2 + 9*i + 6. Let m be s(-5). What is the remainder when (-6)/(-42) + (-1020)/m is divided by 19?
16
Suppose 22*q = 27*q - 215. What is the remainder when q is divided by 22?
21
Let c = 20 + -12. Calculate the remainder when (9 - 7)/(4/58) is divided by c.
5
Suppose -41 - 25 = -2*k + 2*x, 2*x - 54 = -2*k. What is the remainder when k is divided by 8?
6
Let i(t) = -15*t + 4. Let v(s) = -7*s + 2. Let z(j) = -6*i(j) + 13*v(j). Calculate the remainder when 21 is divided by z(-6).
5
Let l = 96 + -87. What is the remainder when 44 is divided by l?
8
Suppose 5*m - 3*n = -8*n + 40, 4*m - 4*n - 64 = 0. Suppose f = m + 19. What is the remainder when f is divided by 11?
9
Suppose -3*q + 25 = -5. Calculate the remainder when 11 is divided by (18/15)/(4/q).
2
Let d be 51 + 4/16*4. Suppose 77 = 4*p + f, 2*p - 6*p + 4*f + d = 0. Calculate the remainder when p is divided by 5.
3
Let i(f) = -f**2 + 3*f - 3. Let h be i(5). Let n = 39 + h. Calculate the remainder when n is divided by 9.
8
Suppose 3*v - 9 - 37 = -4*l, -3*v - l + 61 = 0. What is the remainder when 85 is divided by v?
19
Suppose 0*w + 7*w = 49. Calculate the remainder when 40 is divided by w.
5
Suppose 0 = 3*z + 2*z + 3*u - 137, -u = -3*z + 71. Calculate the remainder when 71 is divided by z.
21
Let x = 87 + -73. Suppose -3*n + 4 = n. What is the remainder when (52/(-6))/(n/(-3)) is divided by x?
12
Suppose 49 = f - 7. Let c = 85 - f. Suppose 2*n - 3*n + 13 = o, 3*n - 29 = -2*o. Calculate the remainder when c is divided by o.
9
Let b(l) be the third derivative of l**5/60 + 13*l**4/24 + 5*l**3/6 - l**2. What is the remainder when 17 is divided by b(-13)?
2
Let a = -2 + 39. Suppose -5 + 17 = 4*d. Suppose 0 = n - d*n + 26. Calculate the remainder when a is divided by n.
11
Let g(j) = 3*j - 11. What is the remainder when 37 is divided by g(8)?
11
Let r = 60 - 41. Let y(q) = -2 + 5*q + 5*q**2 + 0*q - 3*q**2. What is the remainder when r is divided by y(-4)?
9
Let z = 1 + -6. Let h = z - -9. Suppose 3*s = -h*k + 5, 5*s = k - 2*k - 20. Calculate the remainder when k is divided by 2.
1
Suppose 0 = -a - 3 + 16. What is the remainder when 20 is divided by a?
7
Let u = 36 + -21. Let m(g) = g**3 - 16*g**2 + 16*g + 13. What is the remainder when m(u) is di